{"id":537,"date":"2022-11-14T15:36:32","date_gmt":"2022-11-14T14:36:32","guid":{"rendered":"https:\/\/smart-it.org\/life-is-live\/?page_id=537"},"modified":"2022-11-14T15:36:32","modified_gmt":"2022-11-14T14:36:32","slug":"informativa-privacy-soggetti-ospitanti","status":"publish","type":"page","link":"https:\/\/smartit.coop\/life-is-live\/informativa-privacy-soggetti-ospitanti\/","title":{"rendered":"Informativa sul trattamento dei dati &#8211; progetto Life is Live \u2013 soggetti ospitanti"},"content":{"rendered":"\n<p>La legislazione e i regolamenti in materia di protezione dei dati personali richiedono di informarla in merito al trattamento dei suoi dati in quanto disponibile a ospitare una performance collegata al progetto <em>Life is Live<\/em>.<\/p>\n\n\n\n<p>Il trattamento sar\u00e0 improntato ai principi di legalit\u00e0, correttezza, e trasparenza e tale da garantire la tutela dei suoi dati personali (integrit\u00e0 e riservatezza), includendo la protezione da trattamenti non autorizzati o illeciti e da perdite, distruzioni o danneggiamenti accidentali, attuando appropriate misure tecniche e organizzative.<\/p>\n\n\n\n<p><strong>Titolare del trattamento e Responsabile della protezione dei dati:<\/strong><\/p>\n\n\n\n<p>Smart Soc. Coop. Impresa Sociale &#8211; Via Casoretto, 41\/a. 20131 Milano<\/p>\n\n\n\n<p>email: smartit@smart.coop.<\/p>\n\n\n\n<p><strong>Finalit\u00e0 e durata del trattamento e basi legali<\/strong><\/p>\n\n\n\n<p>Per candidarsi a ospitare una performance, \u00e8 necessario compilare un form sul nostro sito internet e fornire i dati di contatto a cui si rivolgeranno gli artisti che vogliono proporre una performance. In una sezione del sito saranno anche mostrate foto del posto proposto.<\/p>\n\n\n\n<p>La base legale del trattamento \u00e8 l\u2019erogazione di servizi richiesti dall\u2019interessato stesso.<\/p>\n\n\n\n<p>I dati saranno conservati per 5 anni dopo la conclusione del bando.<\/p>\n\n\n\n<p><strong>Comunicazione a terzi e trasferimenti in Paesi terzi<\/strong><\/p>\n\n\n\n<p>Oltre a quanto precedentemente dichiarato, per lo svolgimento, per nostro conto, di talune delle attivit\u00e0 relative al trattamento dei suoi dati personali e coerenti con le finalit\u00e0 sopra elencate, Smart Coop pu\u00f2 comunicare parte dei suoi dati a societ\u00e0 esterne (in particolare per la fornitura di servizi informatici a supporto dell\u2019attivit\u00e0).<\/p>\n\n\n\n<p>I suoi dati personali potranno essere comunicati ad Autorit\u00e0 ed Enti Pubblici, Istituti Previdenziali, Assistenziali ed Assicurativi (pubblici e privati) e ad ogni altro soggetto legittimato per legge ad accedervi.<\/p>\n\n\n\n<p>Per quanto riguarda i fornitori di servizi informatici. In questi casi, i dati personali potrebbero essere trasferiti in Paesi al di fuori della UE o dello SEE (p.e. per il fornitore di distribuzione della newsletter). In questi casi, Smart Coop preferibilmente user\u00e0 fornitori sul territorio SEE; in caso contrario, verificher\u00e0 l\u2019adeguatezza del fornitore secondo quanto stabilito dalla normativa vigente, dalla Commissione europea e dal Garante per la protezione dei dati personali.<\/p>\n\n\n\n<p>I soggetti sopra indicati agiscono come \u201cresponsabili del trattamento\u201d o, in alcuni casi, come \u201ctitolari\u201d autonomi.<\/p>\n\n\n\n<p><strong>Diritti dell\u2019interessato<\/strong><\/p>\n\n\n\n<p>Le ricordiamo che la normativa le riconosce taluni diritti. In particolare:<\/p>\n\n\n\n<ul class=\"wp-block-list\">\n<li>ottenere, se non impedito da leggi o regolamenti, l\u2019accesso ai suoi dati personali, la loro correzione o cancellazione e la limitazione o il blocco del loro trattamento; pu\u00f2 anche richiederne la portabilit\u00e0 (ossia ricevere tutti i dati personali che li riguardano in un formato strutturato, di uso comune e leggibile da dispositivo automatico);<\/li>\n\n\n\n<li>inviare un reclamo a Smart Coop o all\u2019Autorit\u00e0 di controllo nazionale (in Italia \u00e8 il Garante per la protezione dei dati personali) seguendo le istruzioni sul suo sito web.<\/li>\n<\/ul>\n\n\n\n<p>Per esercitare tali diritti \u00e8 necessario utilizzare i canali di riferimento indicati sopra.<\/p>\n\n\n\n<p><em>Milano, 11 novembre 2022<\/em><\/p>\n","protected":false},"excerpt":{"rendered":"<p>La legislazione e i regolamenti in materia di protezione dei dati personali richiedono di informarla in merito al trattamento dei suoi dati in quanto disponibile a ospitare una performance collegata al progetto Life is Live. Il trattamento sar\u00e0 improntato ai principi di legalit\u00e0, correttezza, e trasparenza e tale da garantire la tutela dei suoi dati [&hellip;]<\/p>\n","protected":false},"author":1,"featured_media":0,"parent":0,"menu_order":0,"comment_status":"closed","ping_status":"closed","template":"","meta":{"_eb_attr":"","footnotes":""},"class_list":["post-537","page","type-page","status-publish","hentry"],"_links":{"self":[{"href":"https:\/\/smartit.coop\/life-is-live\/wp-json\/wp\/v2\/pages\/537","targetHints":{"allow":["GET"]}}],"collection":[{"href":"https:\/\/smartit.coop\/life-is-live\/wp-json\/wp\/v2\/pages"}],"about":[{"href":"https:\/\/smartit.coop\/life-is-live\/wp-json\/wp\/v2\/types\/page"}],"author":[{"embeddable":true,"href":"https:\/\/smartit.coop\/life-is-live\/wp-json\/wp\/v2\/users\/1"}],"replies":[{"embeddable":true,"href":"https:\/\/smartit.coop\/life-is-live\/wp-json\/wp\/v2\/comments?post=537"}],"version-history":[{"count":1,"href":"https:\/\/smartit.coop\/life-is-live\/wp-json\/wp\/v2\/pages\/537\/revisions"}],"predecessor-version":[{"id":538,"href":"https:\/\/smartit.coop\/life-is-live\/wp-json\/wp\/v2\/pages\/537\/revisions\/538"}],"wp:attachment":[{"href":"https:\/\/smartit.coop\/life-is-live\/wp-json\/wp\/v2\/media?parent=537"}],"curies":[{"name":"wp","href":"https:\/\/api.w.org\/{rel}","templated":true}]}}